{"id":256,"date":"2017-10-27T10:51:43","date_gmt":"2017-10-27T10:51:43","guid":{"rendered":"http:\/\/www.dance-fitness-academy.de\/?page_id=256"},"modified":"2026-03-05T12:53:53","modified_gmt":"2026-03-05T12:53:53","slug":"probestunde","status":"publish","type":"page","link":"https:\/\/www.dance-fitness-academy.de\/?page_id=256","title":{"rendered":"Probestunde"},"content":{"rendered":"\t\t<div data-elementor-type=\"wp-page\" data-elementor-id=\"256\" class=\"elementor elementor-256\">\n\t\t\t\t\t\t<div class=\"elementor-inner\">\n\t\t\t\t<div class=\"elementor-section-wrap\">\n\t\t\t\t\t\t\t\t\t<section class=\"elementor-section elementor-top-section elementor-element elementor-element-furrbwg elementor-section-boxed elementor-section-height-default elementor-section-height-default\" data-id=\"furrbwg\" data-element_type=\"section\">\n\t\t\t\t\t\t<div class=\"elementor-container elementor-column-gap-default\">\n\t\t\t\t\t\t\t<div class=\"elementor-row\">\n\t\t\t\t\t<div class=\"elementor-column elementor-col-100 elementor-top-column elementor-element elementor-element-tushlac\" data-id=\"tushlac\" data-element_type=\"column\">\n\t\t\t<div class=\"elementor-column-wrap elementor-element-populated\">\n\t\t\t\t\t\t\t<div class=\"elementor-widget-wrap\">\n\t\t\t\t\t\t<div class=\"elementor-element elementor-element-h3x9wb4 elementor-widget elementor-widget-heading\" data-id=\"h3x9wb4\" data-element_type=\"widget\" data-widget_type=\"heading.default\">\n\t\t\t\t<div class=\"elementor-widget-container\">\n\t\t\t<h2 class=\"elementor-heading-title elementor-size-default\">JETZT PROBESTUNDE VEREINBAREN!\n<\/h2>\t\t<\/div>\n\t\t\t\t<\/div>\n\t\t\t\t<div class=\"elementor-element elementor-element-zndy6xq elementor-widget elementor-widget-text-editor\" data-id=\"zndy6xq\" data-element_type=\"widget\" data-widget_type=\"text-editor.default\">\n\t\t\t\t<div class=\"elementor-widget-container\">\n\t\t\t\t\t\t\t\t<div class=\"elementor-text-editor elementor-clearfix\">\n\t\t\t\t<p><a href=\"https:\/\/api.whatsapp.com\/send?phone=491702817824\"><img loading=\"lazy\" class=\"alignleft wp-image-638\" src=\"http:\/\/www.dance-fitness-academy.de\/wp-content\/uploads\/2018\/07\/if_whatsapp_3867472.png\" alt=\"\" width=\"33\" height=\"33\"><\/a>JETZT AUCH PER WHATSAPP ANMELDEN! | +49170 2817824\u202c<\/p>\t\t\t\t\t<\/div>\n\t\t\t\t\t\t<\/div>\n\t\t\t\t<\/div>\n\t\t\t\t<div class=\"elementor-element elementor-element-c8c5fe9 elementor-widget__width-auto elementor-view-default elementor-widget elementor-widget-icon\" data-id=\"c8c5fe9\" data-element_type=\"widget\" data-widget_type=\"icon.default\">\n\t\t\t\t<div class=\"elementor-widget-container\">\n\t\t\t\t\t<div class=\"elementor-icon-wrapper\">\n\t\t\t<div class=\"elementor-icon\">\n\t\t\t<i aria-hidden=\"true\" class=\"far fa-envelope\"><\/i>\t\t\t<\/div>\n\t\t<\/div>\n\t\t\t\t<\/div>\n\t\t\t\t<\/div>\n\t\t\t\t<div class=\"elementor-element elementor-element-a8f7f32 elementor-widget__width-auto elementor-widget elementor-widget-text-editor\" data-id=\"a8f7f32\" data-element_type=\"widget\" data-widget_type=\"text-editor.default\">\n\t\t\t\t<div class=\"elementor-widget-container\">\n\t\t\t\t\t\t\t\t<div class=\"elementor-text-editor elementor-clearfix\">\n\t\t\t\t<p><a href=\"mailto:groupfitness@landshut.clever-fit.com\">E-MAIL SCHREIBEN! | groupfitness@landshut.clever-fit.com<\/a><\/p>\t\t\t\t\t<\/div>\n\t\t\t\t\t\t<\/div>\n\t\t\t\t<\/div>\n\t\t\t\t\t\t<\/div>\n\t\t\t\t\t<\/div>\n\t\t<\/div>\n\t\t\t\t\t\t\t\t<\/div>\n\t\t\t\t\t<\/div>\n\t\t<\/section>\n\t\t\t\t<section class=\"elementor-section elementor-top-section elementor-element elementor-element-a15b16d elementor-section-boxed elementor-section-height-default elementor-section-height-default\" data-id=\"a15b16d\" data-element_type=\"section\">\n\t\t\t\t\t\t<div class=\"elementor-container elementor-column-gap-default\">\n\t\t\t\t\t\t\t<div class=\"elementor-row\">\n\t\t\t\t\t<div class=\"elementor-column elementor-col-50 elementor-top-column elementor-element elementor-element-d273a5a\" data-id=\"d273a5a\" data-element_type=\"column\">\n\t\t\t<div class=\"elementor-column-wrap elementor-element-populated\">\n\t\t\t\t\t\t\t<div class=\"elementor-widget-wrap\">\n\t\t\t\t\t\t<div class=\"elementor-element elementor-element-e008638 elementor-widget elementor-widget-image\" data-id=\"e008638\" data-element_type=\"widget\" data-widget_type=\"image.default\">\n\t\t\t\t<div class=\"elementor-widget-container\">\n\t\t\t\t\t\t\t\t<div class=\"elementor-image\">\n\t\t\t\t\t\t\t\t\t\t\t\t<img width=\"706\" height=\"1024\" src=\"https:\/\/www.dance-fitness-academy.de\/wp-content\/uploads\/2026\/03\/Screenshot_20251014_141934_ChatGPT-706x1024.jpg\" class=\"attachment-large size-large\" alt=\"\" loading=\"lazy\" srcset=\"https:\/\/www.dance-fitness-academy.de\/wp-content\/uploads\/2026\/03\/Screenshot_20251014_141934_ChatGPT-706x1024.jpg 706w, https:\/\/www.dance-fitness-academy.de\/wp-content\/uploads\/2026\/03\/Screenshot_20251014_141934_ChatGPT-207x300.jpg 207w, https:\/\/www.dance-fitness-academy.de\/wp-content\/uploads\/2026\/03\/Screenshot_20251014_141934_ChatGPT-768x1115.jpg 768w, https:\/\/www.dance-fitness-academy.de\/wp-content\/uploads\/2026\/03\/Screenshot_20251014_141934_ChatGPT-1058x1536.jpg 1058w, https:\/\/www.dance-fitness-academy.de\/wp-content\/uploads\/2026\/03\/Screenshot_20251014_141934_ChatGPT.jpg 1077w\" sizes=\"(max-width: 706px) 100vw, 706px\" \/>\t\t\t\t\t\t\t\t\t\t\t\t\t\t<\/div>\n\t\t\t\t\t\t<\/div>\n\t\t\t\t<\/div>\n\t\t\t\t\t\t<\/div>\n\t\t\t\t\t<\/div>\n\t\t<\/div>\n\t\t\t\t<div class=\"elementor-column elementor-col-50 elementor-top-column elementor-element elementor-element-b4a122f\" data-id=\"b4a122f\" data-element_type=\"column\">\n\t\t\t<div class=\"elementor-column-wrap elementor-element-populated\">\n\t\t\t\t\t\t\t<div class=\"elementor-widget-wrap\">\n\t\t\t\t\t\t<div class=\"elementor-element elementor-element-1c0268e elementor-widget elementor-widget-text-editor\" data-id=\"1c0268e\" data-element_type=\"widget\" data-widget_type=\"text-editor.default\">\n\t\t\t\t<div class=\"elementor-widget-container\">\n\t\t\t\t\t\t\t\t<div class=\"elementor-text-editor elementor-clearfix\">\n\t\t\t\t<p class=\"isSelectedEnd\">Ein <strong>kostenloser Kurstag<\/strong> findet bei uns <strong>einmal im Monat<\/strong> statt. An diesem Tag k\u00f6nnen <strong>alle Kurse kostenlos besucht<\/strong> werden und das <strong>gesamte Studio<\/strong> steht dir zur Verf\u00fcgung \u2013 inklusive <strong>Trainingsbereich und Sauna<\/strong>.<\/p><p class=\"isSelectedEnd\">Au\u00dferdem sind an diesem Tag <strong>Getr\u00e4nke, Duschen und Parkpl\u00e4tze kostenlos<\/strong>, damit du dir ganz in Ruhe ein <strong>umfassendes Bild von unserem Studio<\/strong> machen kannst.<\/p><p class=\"isSelectedEnd\"><strong>Wichtig:<\/strong> F\u00fcr die Teilnahme an den Kursen ist eine <strong>Anmeldung zum kostenlosen Kurstag erforderlich<\/strong>.<\/p><p><strong>Die Termine f\u00fcr den kostenlosen Kurstag findest du hier:<\/strong><\/p>\t\t\t\t\t<\/div>\n\t\t\t\t\t\t<\/div>\n\t\t\t\t<\/div>\n\t\t\t\t\t\t<\/div>\n\t\t\t\t\t<\/div>\n\t\t<\/div>\n\t\t\t\t\t\t\t\t<\/div>\n\t\t\t\t\t<\/div>\n\t\t<\/section>\n\t\t\t\t<section class=\"elementor-section elementor-top-section elementor-element elementor-element-90090ef elementor-section-boxed elementor-section-height-default elementor-section-height-default\" data-id=\"90090ef\" data-element_type=\"section\">\n\t\t\t\t\t\t<div class=\"elementor-container elementor-column-gap-default\">\n\t\t\t\t\t\t\t<div class=\"elementor-row\">\n\t\t\t\t\t<div class=\"elementor-column elementor-col-66 elementor-top-column elementor-element elementor-element-c4590e9\" data-id=\"c4590e9\" data-element_type=\"column\">\n\t\t\t<div class=\"elementor-column-wrap elementor-element-populated\">\n\t\t\t\t\t\t\t<div class=\"elementor-widget-wrap\">\n\t\t\t\t\t\t<div class=\"elementor-element elementor-element-c39bf12 elementor-widget elementor-widget-image\" data-id=\"c39bf12\" data-element_type=\"widget\" data-widget_type=\"image.default\">\n\t\t\t\t<div class=\"elementor-widget-container\">\n\t\t\t\t\t\t\t\t<div class=\"elementor-image\">\n\t\t\t\t\t\t\t\t\t\t\t\t<img width=\"717\" height=\"1024\" src=\"https:\/\/www.dance-fitness-academy.de\/wp-content\/uploads\/2026\/03\/1000556194-717x1024.jpg\" class=\"attachment-large size-large\" alt=\"\" loading=\"lazy\" srcset=\"https:\/\/www.dance-fitness-academy.de\/wp-content\/uploads\/2026\/03\/1000556194-717x1024.jpg 717w, https:\/\/www.dance-fitness-academy.de\/wp-content\/uploads\/2026\/03\/1000556194-210x300.jpg 210w, https:\/\/www.dance-fitness-academy.de\/wp-content\/uploads\/2026\/03\/1000556194-768x1096.jpg 768w, https:\/\/www.dance-fitness-academy.de\/wp-content\/uploads\/2026\/03\/1000556194.jpg 1058w\" sizes=\"(max-width: 717px) 100vw, 717px\" \/>\t\t\t\t\t\t\t\t\t\t\t\t\t\t<\/div>\n\t\t\t\t\t\t<\/div>\n\t\t\t\t<\/div>\n\t\t\t\t\t\t<\/div>\n\t\t\t\t\t<\/div>\n\t\t<\/div>\n\t\t\t\t<div class=\"elementor-column elementor-col-33 elementor-top-column elementor-element elementor-element-ca8000f\" data-id=\"ca8000f\" data-element_type=\"column\">\n\t\t\t<div class=\"elementor-column-wrap elementor-element-populated\">\n\t\t\t\t\t\t\t<div class=\"elementor-widget-wrap\">\n\t\t\t\t\t\t<div class=\"elementor-element elementor-element-19aca1f elementor-widget elementor-widget-button\" data-id=\"19aca1f\" data-element_type=\"widget\" data-widget_type=\"button.default\">\n\t\t\t\t<div class=\"elementor-widget-container\">\n\t\t\t\t\t<div class=\"elementor-button-wrapper\">\n\t\t\t<a href=\"http:\/\/groupfitness@landshut.clever-fit.com\" class=\"elementor-button-link elementor-button elementor-size-sm\" role=\"button\">\n\t\t\t\t\t\t<span class=\"elementor-button-content-wrapper\">\n\t\t\t\t\t\t<span class=\"elementor-button-text\">Hier Klicken<\/span>\n\t\t<\/span>\n\t\t\t\t\t<\/a>\n\t\t<\/div>\n\t\t\t\t<\/div>\n\t\t\t\t<\/div>\n\t\t\t\t\t\t<\/div>\n\t\t\t\t\t<\/div>\n\t\t<\/div>\n\t\t\t\t\t\t\t\t<\/div>\n\t\t\t\t\t<\/div>\n\t\t<\/section>\n\t\t\t\t\t\t\t\t\t<\/div>\n\t\t\t<\/div>\n\t\t\t\t\t<\/div>\n\t\t","protected":false},"excerpt":{"rendered":"<p>JETZT PROBESTUNDE VEREINBAREN! JETZT AUCH PER WHATSAPP ANMELDEN! | +49170 2817824\u202c E-MAIL SCHREIBEN! | groupfitness@landshut.clever-fit.com Ein kostenloser Kurstag findet bei uns einmal im Monat statt. An diesem Tag k\u00f6nnen alle Kurse kostenlos besucht werden und das gesamte Studio steht dir zur Verf\u00fcgung \u2013 inklusive Trainingsbereich und Sauna. Au\u00dferdem sind an diesem Tag Getr\u00e4nke, Duschen und &#8230; <a title=\"Probestunde\" class=\"read-more\" href=\"https:\/\/www.dance-fitness-academy.de\/?page_id=256\" aria-label=\"Mehr bei Probestunde\">Weiterlesen &#8230;<\/a><\/p>\n","protected":false},"author":1,"featured_media":0,"parent":0,"menu_order":0,"comment_status":"closed","ping_status":"closed","template":"","meta":{"_mi_skip_tracking":false,"generate_page_header":""},"_links":{"self":[{"href":"https:\/\/www.dance-fitness-academy.de\/index.php?rest_route=\/wp\/v2\/pages\/256"}],"collection":[{"href":"https:\/\/www.dance-fitness-academy.de\/index.php?rest_route=\/wp\/v2\/pages"}],"about":[{"href":"https:\/\/www.dance-fitness-academy.de\/index.php?rest_route=\/wp\/v2\/types\/page"}],"author":[{"embeddable":true,"href":"https:\/\/www.dance-fitness-academy.de\/index.php?rest_route=\/wp\/v2\/users\/1"}],"replies":[{"embeddable":true,"href":"https:\/\/www.dance-fitness-academy.de\/index.php?rest_route=%2Fwp%2Fv2%2Fcomments&post=256"}],"version-history":[{"count":30,"href":"https:\/\/www.dance-fitness-academy.de\/index.php?rest_route=\/wp\/v2\/pages\/256\/revisions"}],"predecessor-version":[{"id":2315,"href":"https:\/\/www.dance-fitness-academy.de\/index.php?rest_route=\/wp\/v2\/pages\/256\/revisions\/2315"}],"wp:attachment":[{"href":"https:\/\/www.dance-fitness-academy.de\/index.php?rest_route=%2Fwp%2Fv2%2Fmedia&parent=256"}],"curies":[{"name":"wp","href":"https:\/\/api.w.org\/{rel}","templated":true}]}}